
What is the hundreds digit of 6260750?
7
What is the thousands digit of 183032?
3
What is the hundreds digit of 3807877?
8
What is the ten thousands digit of 302054?
0
What is the hundreds digit of 378964?
9
What is the hundreds digit of 312887?
8
What is the ten thousands digit of 2617748?
1
What is the hundreds digit of 5244092?
0
What is the units digit of 7201900?
0
What is the hundreds digit of 76245?
2
What is the hundred thousands digit of 170654?
1
What is the millions digit of 6651790?
6
What is the ten thousands digit of 2274438?
7
What is the units digit of 5712965?
5
What is the thousands digit of 780535?
0
What is the hundred thousands digit of 393928?
3
What is the tens digit of 1688813?
1
What is the units digit of 2039070?
0
What is the millions digit of 4948340?
4
What is the tens digit of 5033006?
0
What is the thousands digit of 2078552?
8
What is the thousands digit of 329757?
9
What is the thousands digit of 431124?
1
What is the tens digit of 199403?
0
What is the thousands digit of 215398?
5
What is the hundred thousands digit of 756950?
7
What is the units digit of 105703?
3
What is the hundreds digit of 57488?
4
What is the hundreds digit of 14840509?
5
What is the hundred thousands digit of 15621283?
6
What is the thousands digit of 731586?
1
What is the tens digit of 430594?
9
What is the hundred thousands digit of 5577658?
5
What is the millions digit of 5816272?
5
What is the thousands digit of 674302?
4
What is the thousands digit of 109550?
9
What is the hundreds digit of 3063926?
9
What is the hundreds digit of 1124535?
5
What is the ten thousands digit of 227287?
2
What is the tens digit of 500536?
3
What is the millions digit of 3446102?
3
What is the ten thousands digit of 1914036?
1
What is the tens digit of 217437?
3
What is the hundreds digit of 323268?
2
What is the hundreds digit of 371306?
3
What is the ten thousands digit of 17363?
1
What is the hundreds digit of 188836?
8
What is the millions digit of 3744556?
3
What is the thousands digit of 475776?
5
What is the tens digit of 3483235?
3
What is the millions digit of 2203849?
2
What is the thousands digit of 4662262?
2
What is the hundreds digit of 193146?
1
What is the tens digit of 977189?
8
What is the tens digit of 5211637?
3
What is the hundreds digit of 525821?
8
What is the hundreds digit of 746119?
1
What is the millions digit of 7366867?
7
What is the tens digit of 558612?
1
What is the hundreds digit of 1314143?
1
What is the millions digit of 1467668?
1
What is the hundred thousands digit of 842242?
8
What is the hundreds digit of 161491?
4
What is the hundreds digit of 7123809?
8
What is the units digit of 1101951?
1
What is the hundred thousands digit of 20892980?
8
What is the hundred thousands digit of 3688912?
6
What is the thousands digit of 4652533?
2
What is the hundred thousands digit of 36465773?
4
What is the thousands digit of 681992?
1
What is the tens digit of 3047628?
2
What is the ten thousands digit of 1887085?
8
What is the hundred thousands digit of 2789440?
7
What is the tens digit of 716808?
0
What is the thousands digit of 4114470?
4
What is the units digit of 116548?
8
What is the units digit of 3761868?
8
What is the tens digit of 25052?
5
What is the units digit of 572679?
9
What is the tens digit of 2026459?
5
What is the ten thousands digit of 133754?
3
What is the units digit of 805134?
4
What is the ten thousands digit of 151352?
5
What is the hundred thousands digit of 807553?
8
What is the units digit of 72128?
8
What is the units digit of 309939?
9
What is the tens digit of 860832?
3
What is the units digit of 7668135?
5
What is the hundred thousands digit of 18692185?
6
What is the hundreds digit of 539300?
3
What is the hundreds digit of 2288266?
2
What is the hundreds digit of 393670?
6
What is the hundreds digit of 10099697?
6
What is the thousands digit of 818174?
8
What is the thousands digit of 211829?
1
What is the tens digit of 8948182?
8
What is the hundred thousands digit of 853301?
8
What is the tens digit of 1682095?
9
What is the hundreds digit of 975147?
1
What is the ten thousands digit of 71404?
7
What is the thousands digit of 3322056?
2
What is the tens digit of 1744111?
1
What is the hundreds digit of 6317779?
7
What is the ten thousands digit of 2068149?
6
What is the ten thousands digit of 12409706?
0
What is the ten thousands digit of 33834927?
3
What is the hundreds digit of 357902?
9
What is the tens digit of 22522280?
8
What is the units digit of 13753616?
6
What is the hundreds digit of 608710?
7
What is the tens digit of 4071841?
4
What is the hundreds digit of 7273087?
0
What is the hundreds digit of 631837?
8
What is the ten thousands digit of 6588987?
8
What is the hundred thousands digit of 1362937?
3
What is the units digit of 200484?
4
What is the ten thousands digit of 93383?
9
What is the thousands digit of 247702?
7
What is the tens digit of 150699?
9
What is the hundred thousands digit of 289822?
2
What is the units digit of 24561193?
3
What is the ten thousands digit of 3927284?
2
What is the hundreds digit of 271396?
3
What is the thousands digit of 1689733?
9
What is the hundred thousands digit of 6495782?
4
What is the units digit of 414750?
0
What is the tens digit of 1980838?
3
What is the thousands digit of 4735933?
5
What is the units digit of 1519562?
2
What is the ten thousands digit of 11353336?
5
What is the millions digit of 3898059?
3
What is the hundreds digit of 166736?
7
What is the units digit of 2634587?
7
What is the units digit of 292016?
6
What is the hundred thousands digit of 23095905?
0
What is the ten millions digit of 43563596?
4
What is the units digit of 859390?
0
What is the hundreds digit of 10839878?
8
What is the hundreds digit of 3335855?
8
What is the units digit of 363376?
6
What is the hundreds digit of 584084?
0
What is the hundred thousands digit of 9971805?
9
What is the hundred thousands digit of 107810?
1
What is the tens digit of 10308125?
2
What is the hundreds digit of 196479?
4
What is the hundred thousands digit of 5862485?
8
What is the thousands digit of 21417094?
7
What is the hundred thousands digit of 170357?
1
What is the ten thousands digit of 4004211?
0
What is the tens digit of 26605?
0
What is the units digit of 523219?
9
What is the units digit of 162869?
9
What is the thousands digit of 450257?
0
What is the ten thousands digit of 10435120?
3
What is the ten thousands digit of 110799?
1
What is the hundreds digit of 2041802?
8
What is the hundreds digit of 1031101?
1
What is the hundreds digit of 568713?
7
What is the tens digit of 254096?
9
What is the tens digit of 752898?
9
What is the units digit of 1214060?
0
What is the hundreds digit of 974479?
4
What is the hundreds digit of 4200979?
9
What is the hundred thousands digit of 1061816?
0
What is the millions digit of 5911753?
5
What is the thousands digit of 378274?
8
What is the thousands digit of 3398010?
8
What is the ten thousands digit of 2764235?
6
What is the units digit of 37164951?
1
What is the ten thousands digit of 371486?
7
What is the units digit of 3493787?
7
What is the hundreds digit of 1105428?
4
What is the millions digit of 3160887?
3
What is the hundreds digit of 4575586?
5
What is the units digit of 719936?
6
What is the ten thousands digit of 540170?
4
What is the hundreds digit of 3918802?
8
What is the ten thousands digit of 1973249?
7
What is the hundred thousands digit of 2886446?
8
What is the millions digit of 9875126?
9
What is the units digit of 4633536?
6
What is the units digit of 2614613?
3
What is the millions digit of 17690075?
7
What is the hundreds digit of 592742?
7
What is the units digit of 255556?
6
What is the ten millions digit of 17548466?
1
What is the thousands digit of 498315?
8
What is the thousands digit of 1226148?
6
What is the hundreds digit of 10247387?
3
What is the thousands digit of 144585?
4
What is the units digit of 676135?
5
What is the millions digit of 16116462?
6
What is the hundreds digit of 3050?
0
What is the millions digit of 23955557?
3
What is the thousands digit of 1252556?
2
What is the millions digit of 20019372?
0
What is the units digit of 728947?
7
What is the ten thousands dig